2*v - 9*v. What is the tens digit of h(-5)?
3
Let k = 10 + 6. What is the units digit of k?
6
Suppose t = -0*t + 58. What is the units digit of t?
8
Let t = -5 - -10. Suppose -t*z + 37 = -33. What is the tens digit of z?
1
Let j = -2 + 0. What is the units digit of (j/(-3))/(1/6)?
4
Suppose -3*z + 355 = 4*j - 78, 741 = 5*z - 3*j. What is the hundreds digit of z?
1
Let r be (156/8)/((-2)/(-4)). Suppose 0 = -0*o - 3*o + r. What is the units digit of o?
3
Let l(m) = m**3 - 11*m**2 - 12*m + 2. Let i be l(12). Suppose -2*t - 4 = -i*s - 6, t - 2*s + 3 = 0. What is the units digit of t?
5
Let h be (-1)/(4 + (-27)/6). Suppose 0*z + 8 = 4*z. Suppose -44 = -h*t - z*t. What is the units digit of t?
1
What is the units digit of (-706)/(-4) - (-1)/2?
7
Suppose 4*i = i + 6. Suppose -4 = -3*k - b, -2*b - i = -5*k - 6*b. What is the units digit of k?
2
Suppose -w - 3*l = 50 - 140, -3*w - 3*l + 270 = 0. What is the tens digit of w?
9
Suppose 7*g - 2*g = 130. Suppose u = 4*t + g - 0, -3*u - t + 91 = 0. What is the units digit of u?
0
Let c(l) = l**2 + 11*l. Let y be c(-11). Suppose 4*b - 60 = -y*b + 4*d, -35 = -2*b - 3*d. What is the tens digit of b?
1
Suppose 4*o + 29 = -3*i, 0 = 5*o - 2*i + 28 - 9. What is the units digit of (18/o)/((-10)/25)?
9
Let k = 17 + -8. What is the units digit of k?
9
Let x(o) = 13*o - 9. Let s(c) = 3*c - 2. Let u(y) = 9*s(y) - 2*x(y). Let b(k) = -5*k + 1. Let w(v) = b(v) + 4*u(v). What is the units digit of w(-4)?
5
Let g = 37 + -27. What is the units digit of g?
0
Let z(p) = -3 + p**3 - 2*p**3 - 2*p + 0*p - 2*p**2. Let h be (12/15)/((-4)/10). What is the units digit of z(h)?
1
Let j(q) = q - 7 + 0 + 3 + 1. What is the units digit of j(4)?
1
Let p = 67 - -14. Suppose 4*v - p = n, -3*v - 5*n = -v - 57. What is the tens digit of v?
2
Let u be ((-6)/5)/((-27)/(-90)). What is the units digit of u/(0 + (-3)/6)?
8
Let a = 9 + -8. Suppose 3*j - a = 5. Let v = 2 + j. What is the units digit of v?
4
Let g(h) = h + 6. Let b be g(-5). Let r(z) = b + 2*z - 4*z + 3*z. What is the units digit of r(2)?
3
Suppose -4*r + 152 = -0*r. What is the units digit of r?
8
Let p be 1/(-1)*2 - 2. Let n = 9 + p. What is the units digit of n?
5
Suppose 3*f = 4*f - 2. Suppose 4*c = -8, 5*t - 5*c - 19 = f*t. Suppose 15 = t*b - 0*b. What is the units digit of b?
5
Suppose -6 - 27 = -3*d. What is the tens digit of d?
1
Let q be 40/6 + (-10)/15. Suppose 0*n = n - q. What is the units digit of 66/10 - n/(-15)?
7
Let t be ((-16)/(-6) - 0)*-3. What is the tens digit of (-126)/t + (-10)/(-40)?
1
Let s = 25 - 20. What is the units digit of s?
5
Let o(f) = 2*f**3 - 3*f**2 - f - 1. What is the units digit of o(3)?
3
Let q = -17 + 61. What is the tens digit of q?
4
What is the units digit of (1 - 2)/((-12)/1452)?
1
Suppose 0 = -3*i - 28 + 565. What is the hundreds digit of i?
1
Let c(m) = m**3 - 14*m**2 + 24*m - 29. What is the tens digit of c(13)?
1
Let z(b) = 5*b**2 - b - 3. Let v be z(-3). Let h = -17 + v. What is the units digit of h?
8
Suppose -2*q + 5*q = 0. Let i be (q + 9)/((-1)/(-1)). What is the units digit of 44/6 - 3/i?
7
Suppose 0 = -5*v + 9 + 21. Let q be (v + -4)/(1/5). Suppose -q = -4*z + 2*m, -4*z + 0*z + 13 = -3*m. What is the units digit of z?
1
Let w = 4 - 3. Let o be (-2)/(-2)*(15 + 2). Suppose 2*u + w = u - 2*l, u - o = 4*l. What is the units digit of u?
5
Let h be -3*(-1)/((-1)/(-2)). Let u(d) = 2*d**2 - 10*d + 6. Let x be u(h). Suppose -r + 4*r = x. What is the units digit of r?
6
What is the tens digit of -21 + 100 + (5 + 1)/2?
8
Suppose -2*p = -4*p + 18. What is the units digit of p?
9
Suppose -3*g - 94 = 14. Let j = 3 - g. What is the tens digit of j?
3
Suppose -5*i + w = 70, -3*i - 42 = -3*w + w. Let u = -6 - i. What is the units digit of u?
8
Suppose 7 = 4*c + 3. What is the tens digit of (c + (3 - 5))*-24?
2
Let r(w) = -w**2 - w + 6. Let i(v) = v**2 + v - 7. Let u(p) = -7*i(p) - 6*r(p). Let b = -4 + 4. What is the tens digit of u(b)?
1
What is the tens digit of 3 + -106*(1 - 2)?
0
Suppose a = 3*c - 3, 2*a + 2 = -2*c + 4*c. Let h(z) = -z + 10. Let d be h(8). Suppose a*o - o - 3*f + 12 = 0, -5*o = d*f - 34. What is the units digit of o?
6
Let j(p) = p**2 - 3*p + 42. What is the units digit of j(-13)?
0
Suppose -1 - 7 = 2*j. Let g(f) be the second derivative of -f**5/20 - f**4/4 + f**3/3 - f**2 + 14*f. What is the units digit of g(j)?
6
Let q = -5 - -10. Let k be 0/((-2 - -2) + 2). Suppose 10 = q*l - k. What is the units digit of l?
2
Let q = -107 - -189. What is the tens digit of q?
8
What is the units digit of ((-1528)/24)/((-1)/3*1)?
1
Let t = 16 + -8. What is the units digit of t?
8
What is the tens digit of 2 + 2 + 29/1?
3
Let d(w) = -4*w**3 + 2*w**2 + 2*w + 1. Let k be d(-1). Suppose -5*s - 4*g = -k, -s + 23 - 3 = -3*g. Let i = -1 + s. What is the units digit of i?
4
Let a(c) = c**3 - 13*c**2 + 1. What is the units digit of a(13)?
1
Let f = 5 + -8. What is the tens digit of (-3)/(-9) - 32/f?
1
Suppose 9 = -2*p - 7*t + 2*t, 2*p = -4*t - 6. Suppose -3*d - 45 = -4*s + 2*d, s = -p*d + 24. What is the tens digit of s?
1
Let d be -1*(0 + 1 + -3). Suppose 0 = -d*z - z + 24. What is the units digit of z?
8
Let b = -3 + 19. Let q be (-1 - -2) + b + -2. Let i = q - 5. What is the units digit of i?
0
Let y(p) = 8*p**3 - p + 1. Suppose 2*h - 5 = -3*h. What is the units digit of y(h)?
8
Suppose 2*i - 15 - 3 = 0. Let q(d) = -d**2 + 10*d + 8. What is the tens digit of q(i)?
1
Let j(u) = -2*u**2 + 15*u + 6. Let f(z) = 3*z**2 - 22*z - 9. Let p(b) = 5*f(b) + 7*j(b). What is the tens digit of p(8)?
2
Let r be 20/(7/((-70)/(-4))). Suppose -q - r - 82 = -4*d, -3*q = 0. What is the tens digit of d?
3
Suppose 104 = -4*h - 20. Let j = 52 + h. What is the tens digit of j?
2
Suppose -3*c - a + 72 = -3*a, 2*a = c - 20. Suppose -c = -4*d + 2*h, -2*h + h - 17 = -3*d. What is the units digit of (d/(-6))/((-2)/9)?
3
Suppose 0 = y + y - d - 8, y - 3*d + 1 = 0. Suppose y*p = 30 - 10. What is the units digit of p?
4
Let b(k) = k**2 - 8*k + 11. Let h(z) = z**3 + z**2 - 2. Let f be h(-3). Let j = f - -28. What is the tens digit of b(j)?
1
Let v = 11 - 5. Let a be (v + -3)/((-3)/2). What is the units digit of a + 5 + 1 + -1?
3
Let t be (2 + 1*-2)/2. Let s = 5 + t. What is the units digit of s?
5
Let f(k) = -k**3 - 13*k**2 + k + 15. Let u be f(-13). What is the tens digit of u/(-11) - 1794/(-66)?
2
Let x = -6 - -10. Suppose -2*h + 171 = -2*f + f, -x*h - 2*f = -354. What is the units digit of h/9 - (-4)/(-6)?
9
Suppose 4*k = 291 + 425. What is the units digit of k?
9
Suppose -5*q + k + 404 = 0, -2*q + 167 = 4*k + k. What is the tens digit of q?
8
Let v(p) be the third derivative of -p**5/60 - p**4/3 - p**3/3 + p**2. What is the units digit of v(-6)?
0
Let u = 25 - -11. What is the tens digit of u?
3
Let g = -4 + 7. Suppose g*k + 2 = 38. Suppose -x = -5*x + k. What is the units digit of x?
3
Let r = 15 - -92. What is the tens digit of r?
0
Let h(r) = -r**2 - 5*r. Let o be h(-3). Suppose 0 = -o*d + 4*d + 3*v, -4*d = -5*v - 2. What is the units digit of d?
3
Suppose -2*r + 135 = 113. What is the tens digit of r?
1
Suppose -b = -60 + 15. Suppose 0*h + b = 5*h. What is the units digit of h?
9
Let q = 14 - 32. Let l be (-220)/q + (-2)/9. Suppose -5*i = y - 24, l = 4*i + 4. What is the units digit of y?
4
What is the units digit of 1/3 - (-22)/6?
4
Suppose -w - 5*q + 123 + 82 = 0, q + 757 = 4*w. What is the hundreds digit of w?
1
Suppose -k = 2*k + 3*u - 39, 3*k + u - 39 = 0. What is the tens digit of k?
1
Suppose 3*i - 15 = 3*o, -4*i + 45 = -2*i + 5*o. What is the tens digit of (48/i)/(3/10)?
1
Suppose 3*h - h = 0. Suppose -5*f - 4*d - 9 = h, 3*d = -4*f - f - 13. Let k(z) = z**2 + 3*z - 5. What is the units digit of k(f)?
5
Let a(p) = p**3 - 4*p**2 + p - 1. Let f be a(4). Let o be (-10)/(f/(-6)*1). Suppose 4*r - 2*r - o = 0. What is the units digit of r?
0
Suppose 3*f + 2*f - 275 = 2*w, 3*f - 5*w = 165. What is the tens digit of f?
5
Suppose 0 = 6*l - 529 - 311. What is the tens digit of l?
4
Let s be 7 - 6/(5 - 2). Suppose p = s - 2, 4*c + 7 = 5*p. What is the units digit of c?
2
Let y(x) = x**2 + x - 9. Let u be y(-8). Suppose -2*v + 11 = -u. Let m = -19 + v. What is the units digit of m?
0
Suppose -2*a = -2*y - y + 46, -10 = -y + 2*a. What is the tens digit of y?
1
What is the 